x + 0*x**2 + 1/6*x**3 - 1/6*x**4. What is v(f)?
5
Let z be -4 + 5 + -4 + 6. Let y(x) = -2*x**2 + 3*x + 3. Let l(j) = -2*j**2 + 4*j + 3. Let c(t) = -2*l(t) + 3*y(t). What is c(z)?
-12
Let v(a) = -a**3 + 2*a**2 + 3*a - 3. Let r = -250 - -253. Calculate v(r).
-3
Let p(i) be the second derivative of -11/2*i**2 + 12*i + 1/6*i**3 + 0. Determine p(5).
-6
Let y(q) = -q**2 - 9*q. Let m(f) = 21*f - 151. Let d be m(7). Determine y(d).
20
Let r(t) = -t**3 + 8*t**2 + 12*t - 13. Suppose -52*c = -63*c + 99. Determine r(c).
14
Let c(k) = -k**2 + 9*k - 7. Let i = -209 - -217. Determine c(i).
1
Let v be 5*(-8)/(88/(-11)). Let z(t) = 2*t**2 - 4*t - 12. Give z(v).
18
Let c(r) = -r - 14. Suppose -8*z = -10*z - 2*f + 38, 0 = -z - 4*f + 4. Let h be (8/6)/(z/(-180)). Give c(h).
-4
Let n(w) be the second derivative of -1/6*w**3 - 5/2*w**2 - 2*w + 0. Let q be 0/(6/10 + 224/(-40)). Calculate n(q).
-5
Let d(x) be the third derivative of 11*x**6/120 - x**5/60 + 43*x**2. Determine d(-1).
-12
Let n(k) = -1. Let w(u) = -u - 1. Let s(d) = 4*n(d) + w(d). Give s(0).
-5
Let r(b) = 8*b + 1. Let k(v) = -7*v - 2. Let q(t) = 3*k(t) + 2*r(t). What is q(-2)?
6
Let g(t) = -11*t**2 - 5*t + 4. Let h(z) = -12*z**2 - 6*z + 5. Let x(c) = -5*g(c) + 4*h(c). Give x(-1).
6
Let q(d) = -17*d + 150. Let x be q(9). Let r(b) = -b**2 - 2*b - 2. Determine r(x).
-5
Let g(l) be the first derivative of -l**4/4 - l**3/3 + 15*l + 195. Determine g(0).
15
Let w(r) = r**3 - 4*r**2 - 2 - r + 0*r**2 + 2*r**2. Let f(k) = -k**2 + 8*k - 5. Let y be f(5). Let g be 96/(-80)*y/(-4). Give w(g).
4
Let a(m) = -m**3 + 7*m**2 + m + 5. Let h(r) be the third derivative of 5*r**4/12 - r**3/2 - 10*r**2. Let j be h(1). Determine a(j).
12
Let r(a) = a**3 + 76*a**2 + 220*a + 72. Let l be r(-73). Let b(u) = -9*u**2 + 2*u + 2*u - 5*u. Give b(l).
-8
Let y(o) = o - 10. Suppose -16*m + 199 - 23 = 0. Calculate y(m).
1
Let i(l) be the second derivative of 1/2*l**2 + 1/2*l**3 + 1/20*l**5 + 0 - 22*l + 5/12*l**4. Calculate i(-4).
5
Let x(i) = i**2 + 15*i - 31*i + 3 + 10*i - 8. What is x(5)?
-10
Suppose 0 = -33*i + 39*i - 6. Let c(w) = -14*w**3 - w**2. Determine c(i).
-15
Let s be 0/(1/((-5)/10)). Let w(f) = 4*f**2 + f. Suppose 3 = 2*z - 3*z. Let p(a) = 9*a**2 + 2*a - 1. Let i(b) = z*p(b) + 7*w(b). Determine i(s).
3
Let v(z) = -z**2 - 15*z + 9. Suppose -1723*y - 52 = -1719*y. Give v(y).
35
Let t(p) = p + 1. Let c(l) = 4 + 6*l - l + 0*l + 0*l. Let z(x) = c(x) - 4*t(x). Calculate z(-1).
-1
Let q be (4/(-8))/(5/60). Let y(v) = -v**2 + 8*v - 6. Let s be y(7). Let n(a) = -2 + s + 10 + 3*a - a. What is n(q)?
-3
Let v(o) be the second derivative of -o**3/6 + 3*o**2/2 - 2*o. Let q = 1576 - 1579. What is v(q)?
6
Let t(j) = j - 2. Let u = 36 - 28. Suppose u*b = 9*b + 4. Determine t(b).
-6
Let v(m) = 2*m - 3*m**2 + 1 + 435*m**3 - 436*m**3 + 2. Let g(d) = -2*d**2 - 1. Let c = -1 - -2. Let y be g(c). What is v(y)?
-3
Let j(a) be the second derivative of a**6/120 + 7*a**5/60 - a**4/12 - 4*a**3/3 + 29*a**2/2 + 24*a. Let d(q) be the first derivative of j(q). What is d(-7)?
6
Let z(s) = s**3 - 14*s**2 - 13*s + 18. Let j be z(15). Suppose 9*t - j = 24. Let x(y) = -y + 6. What is x(t)?
-2
Let m = 809 - 811. Let f(g) = -3*g**3 - g**2 - g + 2. Calculate f(m).
24
Let z(k) be the third derivative of k**6/120 - k**5/15 + k**4/8 + 53*k**2. Determine z(2).
-2
Let u(c) = -c**2 + 2853 - 1427 - 1427 - c. Let t = 2 - 4. What is u(t)?
-3
Suppose -5*i + 151 = b + 3*b, -3*b - 2*i + 122 = 0. Suppose -b + 38 = -3*s. Let v(d) = -4*d. Calculate v(s).
-8
Suppose 0 = -83*g + 81*g + 30. Let w = -20 + g. Let z(m) = m**2 + 4*m - 5. Give z(w).
0
Let m(r) = -r**2 + 5*r + 1. Suppose 516 = 23*a + 63*a. Give m(a).
-5
Let j(n) be the third derivative of -n**5/60 + 23*n**4/24 - 10*n**3/3 + 3*n**2 - 21. What is j(22)?
2
Let m = -7 + 9. Let c(f) = 9*f - 4*f - 4*f**2 + 5*f**m + 10 - 3. Calculate c(-6).
13
Let r(o) = -26*o + 55*o - 28*o + 3. What is r(10)?
13
Let h(v) = 0*v**3 - v**2 + 2 - v**3 + 7*v**2 + 6*v. Suppose -5*c + 44 = -3*y, 0 = -5*c - y + 2*y + 38. Determine h(c).
-5
Let w = 155 + -151. Let t(k) = k**3 - 4*k**2 + 4*k + 2. Determine t(w).
18
Let c(w) = -8 + 43*w**2 + 43*w**2 + 54*w**2 - 141*w**2. What is c(-6)?
-44
Let u(d) = -4*d + 5. Let p(r) = -r + 1. Let n(k) = 6*p(k) - u(k). Suppose 0 = 6*f - 10*f. Suppose f = -2*a + g - 3*g, a + 2*g = -2. What is n(a)?
-3
Let p(s) = -8 - 4*s**2 - 235*s - s**3 + 489*s - 251*s. Give p(-5).
2
Let v be 1 + -6*(-2)/2. Let j = -11 + v. Let n(q) = 3*q**2 - 9*q + 35. Let t(x) = 4*x**2 - 13*x + 49. Let d(l) = 7*n(l) - 5*t(l). What is d(j)?
8
Let j(z) be the third derivative of -z**4/12 - 19*z**3/6 - 97*z**2. Determine j(-10).
1
Let l(d) be the second derivative of 0 + 1/60*d**5 - d + 3*d**2 - 4/3*d**3 - 7/24*d**4. Let o(s) be the first derivative of l(s). What is o(7)?
-8
Let z(h) = -18*h**3 + h**2. Let f(x) = -x**3 + 2*x**2 + 5*x - 3. Let y be f(3). Let n(i) = -y + 6 - 2*i + 8. Let s be n(5). Give z(s).
-17
Let u(m) = -7 - 1 - 192*m + 582*m - 199*m - 193*m. Determine u(-5).
2
Suppose g - 3*g + 18 = 0. Suppose -36 = -g*o + 3*o. Let z(c) = -c**3 + 7*c**2 - 6*c - 5. What is z(o)?
-5
Let h(y) = 113*y + 1 - 43*y - 51*y - 41*y. Determine h(1).
-21
Let c(b) = b. Let d be 1 - (2 - -2 - -1). Let w be 21/(-14) + 10/d. Calculate c(w).
-4
Let z(q) = -6*q + 3. Let v = 2668 - 2664. Calculate z(v).
-21
Let k(b) = -2*b - 3*b + 4*b - 2. Suppose 3*y = -n - 14, -2*y + 0*n + 4 = -2*n. Let o be 6*(y - (-11)/3) + 1. Determine k(o).
-7
Let m(f) = 2*f**2 + 2*f - 9. Let t(d) = -5*d**2 - 5*d + 20. Let s(v) = -9*m(v) - 4*t(v). Calculate s(-1).
1
Let h = 5 - 3. Let f(x) be the first derivative of 2*x**2 - 3*x - 86. What is f(h)?
5
Let v(m) = 2*m**3 - m + 2*m - m**3 + 6 - 2*m**3. Suppose -2*u - 10 = -5*i, -2*i + 19 - 34 = 3*u. Calculate v(i).
6
Let n(v) = v**3 - 5*v**2 + 3*v. Suppose -47 = -17*q + 16*q. Let c be 7 + -3 - (3 - q). Let s be c/10 - (-1)/5. Give n(s).
15
Suppose 0 = 3*m + 6, -2*m + 14 = -k - 5*m. Let o be 2/(-3)*((-4)/k + -2). Let w(f) = -19*f - 1. Determine w(o).
-20
Let r(g) = -2*g**3 + 8*g**2 - 12*g + 2. Let m be (-9)/18 - 15/12*-2. Determine r(m).
-6
Suppose -30 = 11*l - 140. Let j(d) = -d**2 + 14*d - 30. Let i be j(l). Let w(x) = x**2 - 12*x + 9. Give w(i).
-11
Let l(w) = w**2 + w - 1. Let j(v) = 5*v**2 - 3*v. Let r(y) = -j(y) + 6*l(y). Give r(-7).
-20
Let b(d) be the third derivative of d**7/360 + d**6/720 + d**5/120 + 5*d**4/24 - 16*d**2. Let c(v) be the second derivative of b(v). Give c(-1).
7
Suppose -4*d - 82 = 28*k - 26*k, 0 = d + 4*k + 31. Let r(q) = -q**2 - 21*q - 37. Calculate r(d).
1
Let m(t) be the first derivative of -t**3/3 - 4*t**2 + 10*t - 227. Give m(-9).
1
Suppose 5*n + j = n + 1, -2 = 4*n + 2*j. Let z(d) = 6*d - 2. Give z(n).
4
Let n(d) be the second derivative of -1/12*d**4 - 11*d + 0 + d**3 + d**2. Give n(6).
2
Suppose -3*w + 7 = 1. Suppose 0 = w*u + 2*k, -3*k - 1 = 3*u + k. Let s(a) = 12*a**3 - 1 - 43465*a**2 + 43465*a**2 + a. What is s(u)?
12
Let l(j) = -j**3 + 34*j**2 + 37*j - 65. Let q be l(35). Let p(w) = 2*w**2 - 5*w - 9. What is p(q)?
16
Let u(w) = 5*w**3 - 19*w**2 + 18*w + 5. Let l(r) = -r**3 + 3*r**2 - 3*r. Let i(x) = 4*l(x) + u(x). Give i(6).
5
Let s = 108 - 100. Let b(t) = -t + 7*t**3 + 13 - 2*t**3 - s*t**3 + 2*t**3. Give b(0).
13
Let c(y) = 5*y**2 - 6*y + 1. Let i(x) = x**2 + 3*x - 1. Let o(a) = 3*a - 1. Let f(w) = 2*i(w) - 3*o(w). Let t(q) = -3*c(q) + 7*f(q). Let b = -8 - -5. Give t(b).
4
Suppose -2*d - 4 = 2*x, -x - 3*d + 2 - 8 = 0. Suppose x = 7*z - 11*z - j - 15, -4*j = 12. Let s(o) = o**3 + 3*o**2 - o - 1. Give s(z).
2
Suppose s = 3*h - h - 174, 3*s + 267 = 3*h. Suppose 40 = 4*r + 16. Let k be r/(-9) + h/15. Let a(j) = -j + 6. Determine a(k).
1
Let f(o) = o + 6. Let v be f(0). Let b = -5 + v. Let l(w) be the second derivative of 3*w**5/10 - w**4/12 + w**2/2 - 3*w. Determine l(b).
6
Let x(l) = -60*l + 357. Let y be x(6). Suppose 0 = -h - 0*h + 2. Let g(r) = -3*r - 3 - h*r + 0*r. Calculate g(y).
12
Let i(n) = -n - 1. Let l(f) = f**3 - 5*f**2 - f + 3. Let g(v) = v + 11. Let o be g(-6). Let d be l(o). Let a be d/(-6) - (-35)/(-15). Determine i(a).
1
Let o(j) = 7*j - 1. Let p = 550 + -545. Calculate o(p).
34
Let t(k) = k**3 + 5*k**2 - 8*k + 5. Let i(x) = x**3 - x**2 + x - 1. Let y(m) = -6*i(m) - t(m). Suppose 5*a + 22 = 3*r